{"id":6329,"date":"2020-05-09T16:13:36","date_gmt":"2020-05-09T14:13:36","guid":{"rendered":"https:\/\/lacuruxa.org\/?page_id=6329"},"modified":"2021-02-12T21:23:45","modified_gmt":"2021-02-12T20:23:45","slug":"las-rutas-de-2012","status":"publish","type":"page","link":"https:\/\/lacuruxa.org\/index.php\/las-rutas-de-2012\/","title":{"rendered":"Las rutas de 2012"},"content":{"rendered":"\n<div class=\"wp-block-image\"><figure class=\"aligncenter size-large is-resized\"><img loading=\"lazy\" decoding=\"async\" src=\"https:\/\/lacuruxa.org\/wp-content\/uploads\/2018\/01\/20120101-lacuruxa-portada-libro-707x1024.jpg\" alt=\"\" class=\"wp-image-4842\" width=\"530\" height=\"768\" srcset=\"https:\/\/lacuruxa.org\/wp-content\/uploads\/2018\/01\/20120101-lacuruxa-portada-libro.jpg 707w, https:\/\/lacuruxa.org\/wp-content\/uploads\/2018\/01\/20120101-lacuruxa-portada-libro-207x300.jpg 207w\" sizes=\"auto, (max-width: 530px) 100vw, 530px\" \/><\/figure><\/div>\n\n\n<ul class=\"wp-block-latest-posts__list is-grid columns-3 has-dates wp-block-latest-posts\"><li><a class=\"wp-block-latest-posts__post-title\" href=\"https:\/\/lacuruxa.org\/index.php\/2012\/01\/14\/soto-de-agues-pico-la-llomba-soto-de-agues\/\">Soto de Agues &#8212; Pico La Llomba &#8212; Soto de Agues<\/a><time datetime=\"2012-01-14T07:00:58+01:00\" class=\"wp-block-latest-posts__post-date\">14 de enero 2012<\/time><\/li>\n<li><a class=\"wp-block-latest-posts__post-title\" href=\"https:\/\/lacuruxa.org\/index.php\/2012\/01\/28\/alto-la-colladiella-la-hueria-urbies-el-mosquil-pozo-fortuna\/\">Alto La Colladiella &#8212; La Hueria Urbies &#8212; El Mosquil &#8212; Pozo Fortuna<\/a><time datetime=\"2012-01-28T07:00:35+01:00\" class=\"wp-block-latest-posts__post-date\">28 de enero 2012<\/time><\/li>\n<li><a class=\"wp-block-latest-posts__post-title\" href=\"https:\/\/lacuruxa.org\/index.php\/2012\/02\/11\/bueres-pico-la-ordaliega-foz-de-monacos-riofabar\/\">Bueres &#8212; Pico La Ordaliega &#8212; Foz de Mo\u00f1acos &#8212; Riofabar<\/a><time datetime=\"2012-02-11T07:00:24+01:00\" class=\"wp-block-latest-posts__post-date\">11 de febrero 2012<\/time><\/li>\n<li><a class=\"wp-block-latest-posts__post-title\" href=\"https:\/\/lacuruxa.org\/index.php\/2012\/02\/25\/yermes-pico-del-buey-muerto-santo-adriano-del-monte-sama-de-grao\/\">Yermes &#8212; Pico del Buey muerto &#8212; Santo Adriano del monte &#8212; Sama de Grao<\/a><time datetime=\"2012-02-25T07:00:26+01:00\" class=\"wp-block-latest-posts__post-date\">25 de febrero 2012<\/time><\/li>\n<li><a class=\"wp-block-latest-posts__post-title\" href=\"https:\/\/lacuruxa.org\/index.php\/2012\/03\/10\/collada-llomera-pena-salon-casielles-senda-verganza-puente-aguera\/\">Collada Llomera &#8212; Pe\u00f1a Sal\u00f3n &#8212; Casielles &#8212; Senda Verganza &#8212; Puente Ag\u00fcera<\/a><time datetime=\"2012-03-10T07:00:41+01:00\" class=\"wp-block-latest-posts__post-date\">10 de marzo 2012<\/time><\/li>\n<li><a class=\"wp-block-latest-posts__post-title\" href=\"https:\/\/lacuruxa.org\/index.php\/2012\/03\/24\/dobarganes-pico-jano-cruz-de-la-viorna-potes\/\">Dobarganes &#8212; Pico Jano &#8212; Cruz de la Viorna &#8212; Potes<\/a><time datetime=\"2012-03-24T07:00:26+01:00\" class=\"wp-block-latest-posts__post-date\">24 de marzo 2012<\/time><\/li>\n<li><a class=\"wp-block-latest-posts__post-title\" href=\"https:\/\/lacuruxa.org\/index.php\/2012\/04\/14\/buferrera-senda-frasinelli-abamia-corao\/\">Buferrera &#8212; Senda Frasinelli &#8212; Abamia &#8212; Corao<\/a><time datetime=\"2012-04-14T07:00:40+02:00\" class=\"wp-block-latest-posts__post-date\">14 de abril 2012<\/time><\/li>\n<li><a class=\"wp-block-latest-posts__post-title\" href=\"https:\/\/lacuruxa.org\/index.php\/2012\/04\/21\/olleros-de-alba-pico-fontanan-pola-de-gordon\/\">Olleros de Alba &#8212; Pico Fonta\u00f1\u00e1n &#8212; Pola de Gord\u00f3n<\/a><time datetime=\"2012-04-21T07:00:20+02:00\" class=\"wp-block-latest-posts__post-date\">21 de abril 2012<\/time><\/li>\n<li><a class=\"wp-block-latest-posts__post-title\" href=\"https:\/\/lacuruxa.org\/index.php\/2012\/05\/05\/majadas-de-los-lagos-de-covadonga\/\">Majadas de los Lagos de Covadonga<\/a><time datetime=\"2012-05-05T07:00:51+02:00\" class=\"wp-block-latest-posts__post-date\">5 de mayo 2012<\/time><\/li>\n<li><a class=\"wp-block-latest-posts__post-title\" href=\"https:\/\/lacuruxa.org\/index.php\/2012\/05\/19\/la-felguerina-pico-visu-la-grande-collado-de-incos-belerda\/\">La Felguerina &#8212; Pico Visu La Grande &#8212; Collado de Inc\u00f3s &#8212; Belerda<\/a><time datetime=\"2012-05-19T07:00:50+02:00\" class=\"wp-block-latest-posts__post-date\">19 de mayo 2012<\/time><\/li>\n<li><a class=\"wp-block-latest-posts__post-title\" href=\"https:\/\/lacuruxa.org\/index.php\/2012\/05\/26\/amieva-pico-primiellu-vis-la-olla-san-vicente-puente-del-dobra\/\">Amieva &#8212; Pico Primiellu &#8212; Vis &#8212; La Olla San Vicente &#8212; Puente del Dobra<\/a><time datetime=\"2012-05-26T07:00:05+02:00\" class=\"wp-block-latest-posts__post-date\">26 de mayo 2012<\/time><\/li>\n<li><a class=\"wp-block-latest-posts__post-title\" href=\"https:\/\/lacuruxa.org\/index.php\/2012\/06\/09\/valverde-de-curueno-pico-bodon-valverde-de-curueno\/\">Valverde de Curue\u00f1o &#8212; Pico Bod\u00f3n &#8212; Valverde de Curue\u00f1o<\/a><time datetime=\"2012-06-09T07:00:11+02:00\" class=\"wp-block-latest-posts__post-date\">9 de junio 2012<\/time><\/li>\n<li><a class=\"wp-block-latest-posts__post-title\" href=\"https:\/\/lacuruxa.org\/index.php\/2012\/06\/23\/pendilla-senda-la-carisa-la-cobertoria-lena\/\">Pendilla &#8212; Senda La Carisa &#8212; La Cobertoria (Lena)<\/a><time datetime=\"2012-06-23T07:00:38+02:00\" class=\"wp-block-latest-posts__post-date\">23 de junio 2012<\/time><\/li>\n<li><a class=\"wp-block-latest-posts__post-title\" href=\"https:\/\/lacuruxa.org\/index.php\/2012\/06\/30\/puerto-los-ancares-pico-miravalles-guimara\/\">Puerto Los Ancares &#8212; Pico Miravalles &#8212; Guimara<\/a><time datetime=\"2012-06-30T07:00:58+02:00\" class=\"wp-block-latest-posts__post-date\">30 de junio 2012<\/time><\/li>\n<li><a class=\"wp-block-latest-posts__post-title\" href=\"https:\/\/lacuruxa.org\/index.php\/2012\/07\/01\/peranzanes-puerto-del-trayecto-degana\/\">Peranzanes &#8212; Puerto del Trayecto &#8212; Dega\u00f1a<\/a><time datetime=\"2012-07-01T07:00:03+02:00\" class=\"wp-block-latest-posts__post-date\">1 de julio 2012<\/time><\/li>\n<li><a class=\"wp-block-latest-posts__post-title\" href=\"https:\/\/lacuruxa.org\/index.php\/2012\/07\/14\/santa-maria-del-puerto-pico-cornon-lumajo-3\/\">Santa Mar\u00eda del Puerto &#8212; Pico Corn\u00f3n &#8212; Lumajo<\/a><time datetime=\"2012-07-14T07:00:51+02:00\" class=\"wp-block-latest-posts__post-date\">14 de julio 2012<\/time><\/li>\n<li><a class=\"wp-block-latest-posts__post-title\" href=\"https:\/\/lacuruxa.org\/index.php\/2012\/07\/21\/ruta-costera-san-esteban-de-pravia-cudillero\/\">Ruta Costera (San Esteban de Pravia &#8212; Cudillero)<\/a><time datetime=\"2012-07-21T07:00:40+02:00\" class=\"wp-block-latest-posts__post-date\">21 de julio 2012<\/time><\/li>\n<li><a class=\"wp-block-latest-posts__post-title\" href=\"https:\/\/lacuruxa.org\/index.php\/2012\/09\/01\/puerto-aralla-cerro-pedroso-geras-de-gordon\/\">Puerto Aralla &#8212; Cerro Pedroso &#8212; Geras de Gord\u00f3n<\/a><time datetime=\"2012-09-01T07:00:02+02:00\" class=\"wp-block-latest-posts__post-date\">1 de septiembre 2012<\/time><\/li>\n<li><a class=\"wp-block-latest-posts__post-title\" href=\"https:\/\/lacuruxa.org\/index.php\/2012\/09\/15\/la-cueta-pena-orniz-torrestio\/\">La Cueta &#8212; Pe\u00f1a Orniz &#8212; Torrest\u00edo<\/a><time datetime=\"2012-09-15T07:00:01+02:00\" class=\"wp-block-latest-posts__post-date\">15 de septiembre 2012<\/time><\/li>\n<li><a class=\"wp-block-latest-posts__post-title\" href=\"https:\/\/lacuruxa.org\/index.php\/2012\/09\/29\/puerto-ventana-pico-rebollosas-vega-socellares-la-foix-ricabo\/\">Puerto Ventana &#8212; Pico Rebollosas &#8211; Vega Socellares &#8212; La Foix &#8212; Ricabo<\/a><time datetime=\"2012-09-29T07:00:12+02:00\" class=\"wp-block-latest-posts__post-date\">29 de septiembre 2012<\/time><\/li>\n<li><a class=\"wp-block-latest-posts__post-title\" href=\"https:\/\/lacuruxa.org\/index.php\/2012\/10\/20\/collada-llomena-pico-la-huerfana-carangas\/\">Collada Llomena &#8212; Pico La Hu\u00e9rfana &#8212; Carangas<\/a><time datetime=\"2012-10-20T07:00:51+02:00\" class=\"wp-block-latest-posts__post-date\">20 de octubre 2012<\/time><\/li>\n<li><a class=\"wp-block-latest-posts__post-title\" href=\"https:\/\/lacuruxa.org\/index.php\/2012\/11\/03\/ruta-del-silencio-villanueva-de-oscos\/\">Ruta del Silencio (Villanueva de Oscos)<\/a><time datetime=\"2012-11-03T07:00:52+01:00\" class=\"wp-block-latest-posts__post-date\">3 de noviembre 2012<\/time><\/li>\n<li><a class=\"wp-block-latest-posts__post-title\" href=\"https:\/\/lacuruxa.org\/index.php\/2012\/11\/17\/llamardal-brana-mumian-pena-gua-coto-pola-de-somiedo\/\">Llamardal &#8212; Bra\u00f1a Mumian &#8212; Pe\u00f1a Gua &#8212; Coto &#8212; Pola de Somiedo<\/a><time datetime=\"2012-11-17T07:00:43+01:00\" class=\"wp-block-latest-posts__post-date\">17 de noviembre 2012<\/time><\/li>\n<li><a class=\"wp-block-latest-posts__post-title\" href=\"https:\/\/lacuruxa.org\/index.php\/2012\/12\/16\/melendreros-pico-varallonga-belen-de-cumbres\/\">Melendreros &#8212; Pico Varallonga (Bel\u00e9n de cumbres)<\/a><time datetime=\"2012-12-16T07:00:32+01:00\" class=\"wp-block-latest-posts__post-date\">16 de diciembre 2012<\/time><\/li>\n<\/ul>","protected":false},"excerpt":{"rendered":"","protected":false},"author":40,"featured_media":4842,"parent":0,"menu_order":0,"comment_status":"closed","ping_status":"closed","template":"template-fullwidth.php","meta":{"ngg_post_thumbnail":0,"footnotes":""},"class_list":["post-6329","page","type-page","status-publish","has-post-thumbnail","czr-hentry"],"_links":{"self":[{"href":"https:\/\/lacuruxa.org\/index.php\/wp-json\/wp\/v2\/pages\/6329","targetHints":{"allow":["GET"]}}],"collection":[{"href":"https:\/\/lacuruxa.org\/index.php\/wp-json\/wp\/v2\/pages"}],"about":[{"href":"https:\/\/lacuruxa.org\/index.php\/wp-json\/wp\/v2\/types\/page"}],"author":[{"embeddable":true,"href":"https:\/\/lacuruxa.org\/index.php\/wp-json\/wp\/v2\/users\/40"}],"replies":[{"embeddable":true,"href":"https:\/\/lacuruxa.org\/index.php\/wp-json\/wp\/v2\/comments?post=6329"}],"version-history":[{"count":3,"href":"https:\/\/lacuruxa.org\/index.php\/wp-json\/wp\/v2\/pages\/6329\/revisions"}],"predecessor-version":[{"id":6416,"href":"https:\/\/lacuruxa.org\/index.php\/wp-json\/wp\/v2\/pages\/6329\/revisions\/6416"}],"wp:featuredmedia":[{"embeddable":true,"href":"https:\/\/lacuruxa.org\/index.php\/wp-json\/wp\/v2\/media\/4842"}],"wp:attachment":[{"href":"https:\/\/lacuruxa.org\/index.php\/wp-json\/wp\/v2\/media?parent=6329"}],"curies":[{"name":"wp","href":"https:\/\/api.w.org\/{rel}","templated":true}]}}